2*q**2 + 2. Let m be ((-2 - 1)/(-3) - 3) + 1. Give r(m).
-1
Let r(w) = w**2 + 4*w + 5. Let n(d) = 74*d + 2292. Let o be n(-31). What is r(o)?
1
Let s(w) be the third derivative of w**4/8 - 5*w**3/6 - 2*w**2 - 97*w. Give s(3).
4
Let r = -17478 - -17477. Suppose 0 = -0*s - 5*s + 100. Let x(k) = s*k + 0 - 18*k + 0. What is x(r)?
-2
Let q(r) = -r**2 - 2*r + 3. Let l = -170 - -175. Let f(i) = -3*i**2 - 5*i + 5. Let d(c) = l*q(c) - 2*f(c). Give d(0).
5
Let p(g) = -g**2 - g. Suppose -11 = -b - 4*r, 0 = -2*b + 6*r - 3*r. Let l(z) = 2*z**2 + 11*z + 3. Let v(a) = b*p(a) + l(a). Calculate v(6).
15
Let z = 1385 + -746. Suppose 10*h = -271 - z. Let v = h - -94. Let b(i) = -4*i + 2. Determine b(v).
-10
Let s = -24 + 26. Let c(l) = -65 + 28 + 35 - s*l. Calculate c(3).
-8
Suppose -2*u + 8*v - 12*v = 20, -4*u - 25 = 5*v. Suppose -4*m + 2*s + 14 = u, 3*m - 6 = 23*s - 26*s. Let p(y) = -y - 2. Calculate p(m).
-5
Let k(i) be the second derivative of -i**4/12 + 3*i**3/2 - 11*i**2 - 583*i. Calculate k(9).
-22
Let a(b) = 2*b**3 - b**2 - 7*b + 6. Let d(w) = -w**2 - 852*w - 3390. Let t be d(-4). Calculate a(t).
4
Let x(k) be the third derivative of -k**5/60 + k**4/6 + 4*k**3/3 + 68*k**2 + 2. Calculate x(-2).
-4
Let y(h) = -127*h**2 + 3*h + 1. Let w(f) = -65*f**2 + f. Let u(o) = 2*w(o) - y(o). Let t be (-4)/12 - (-2)/(-3). What is u(t)?
-3
Suppose 16 = -6*y + 2*y. Let k be y*4/((-80)/25). Let t be 3/(6*k/(-10)). Let v(c) = 6*c - 1. What is v(t)?
-7
Let c = -417 - -421. Let n(k) = c*k + k - 8*k - k + 6*k. Calculate n(5).
10
Let t(v) = 6*v + 4. Let g(b) = 7*b + 0 - 5 + 10. Let n(d) = 5*g(d) - 6*t(d). Suppose -6 = -3*o - 4*z + 16, 0 = -o - z + 7. Calculate n(o).
-5
Let o(s) be the second derivative of s**4/12 + 4*s**3/3 - 3*s**2 + 1327*s. What is o(5)?
59
Let l be 6 + 6 + -16 - 17. Let q(m) = m**2 + 20*m + 4. Calculate q(l).
25
Suppose -20*q = -14*q - 582. Let i(n) = -33*n**2 - 32*n**2 + 2 + n**3 + q*n**2 - 31*n**2. Determine i(-2).
-2
Let b(z) be the first derivative of -z**6/360 + z**5/120 + z**4/24 + 17*z**3/3 - 31. Let t(y) be the third derivative of b(y). Determine t(2).
-1
Suppose 0 = -l - 4*v - 11, 2 = l + 2*v + 5. Let t(c) = -3*c - l + 2 + 0*c. Suppose -2*f - 48 = 5*z - 13, 4*z + 25 = -f. Determine t(f).
12
Suppose -8 = 5*y - t + 7, 3*t = y + 3. Let r be (-80)/(-60)*1/(-2)*y. Let w(o) = -7*o**2 - 1 + o**r - 1 + 3. Calculate w(1).
-5
Let x(z) be the first derivative of z**5/15 + z**4/24 - 20*z**3/3 - 29. Let y(i) be the third derivative of x(i). Suppose 2*d = -d - 3. Determine y(d).
-7
Let h(z) = 3*z**3 - 6*z**2 + 8*z - 1. Let c(u) = -9*u + 18*u**2 + 13*u**3 - 15*u - 24*u**3 + 4. Let d(q) = -2*c(q) - 7*h(q). What is d(-7)?
6
Let a(w) = 2 + 1312*w**3 - 658*w**3 + 4*w**2 - 655*w**3 - w - 4*w**2. What is a(0)?
2
Let m(b) = 4*b - 38. Let q(w) = 52*w - 594. Let i(h) = 28*m(h) - 2*q(h). Give i(-15).
4
Let r(a) be the first derivative of 2*a**3 - 1/4*a**4 + 10*a - 139 - 11/2*a**2. Calculate r(4).
-2
Let y(a) = -13*a**3 - a**2 + 8*a. Let r(q) = 24*q**3 + q**2 - 15*q - 1. Suppose 11*m - 4*m = -42. Let o(h) = m*r(h) - 11*y(h). What is o(5)?
16
Let o(q) be the third derivative of q**5/60 + q**4/24 - 4*q**3/3 - 30*q**2 - 1. Suppose 3*l - 12 = -3*t, l = 2*l - 4*t - 29. Let c = l - 9. Calculate o(c).
-8
Let z(q) = 22 - q**2 + 3*q**2 - 2*q + 14*q - q**2 - 25*q. What is z(7)?
-20
Let u(p) = -p**3 + p**2 - p - 3. Suppose 0 = -5*a - 2*q + 4, -2*a + 9 = q + 8. Suppose -i = -2*x - a + 5, 4*i = 2*x - 12. Give u(x).
-3
Let r(i) = 3*i**3 - 14*i**2 - 6*i + 9. Let z be 8/2 + (-10 - (12 + -23)). What is r(z)?
4
Let q be (-2)/2*-1*0. Suppose -6 + q = -2*v. Let l(f) = 7*f - 48. Let j(a) = -19*a + 132. Let i(d) = 4*j(d) + 11*l(d). What is i(v)?
3
Let f(h) = -h - 7*h - 15*h + 30*h - 8*h. Let j = -1 - -10. What is f(j)?
-9
Let o(u) = -8*u + 14. Suppose 11205*l - 105 = 11226*l. What is o(l)?
54
Let p(v) = -v**2 + 14*v + 30. Let r(x) = 2*x**3 - 100*x**2 - 103*x + 67. Let m be r(51). Determine p(m).
-2
Let h = 53 + -33. Let m(r) = 54*r - h*r - 17*r + 6 - 19*r. Suppose 0*b = -b + 8. Calculate m(b).
-10
Let q(s) be the second derivative of -s**7/840 - s**6/40 + s**5/120 + s**4/24 + 55*s**3/6 - 11*s + 4. Let z(k) be the second derivative of q(k). Give z(-9).
-8
Let f(j) = -j + 13. Let x(c) = -c**2 - 32*c - 186. Let g(m) = -7*m**2 - 9*m - 10. Let a be g(-1). Let h be x(a). Give f(h).
7
Let h(g) = -g**3 - 15*g**2 - 16*g + 121. Let l = -2124 + 2111. Give h(l).
-9
Let v(t) = 10*t + 1. Let u(a) = -19*a - 2. Let s(g) = 3*u(g) + 5*v(g). Suppose -50 + 13 = 7*w - 5*j, 0 = -2*w + j - 8. Give s(w).
6
Let k(b) be the third derivative of b**4/24 - 7*b**3/6 + 2*b**2. Let j be 184/48 - (8 - 172*8/192). What is k(j)?
-4
Let f(p) = -244*p - 3*p**2 - 88 + 79*p + 55*p + 62*p. Calculate f(-2).
-4
Let z(o) = 378*o - 610*o + 100 + 42*o + 4*o**2. Calculate z(47).
6
Let i(g) = 3*g - 35981 + 71952 - 35954. Suppose 0*k - 4*k - 48 = 0. What is i(k)?
-19
Let o(x) = 3*x + 2. Let b be (-1)/((-10)/(-6) + (-20)/30). Let z be b/(-2 + 84/40). Let d = z + 8. Calculate o(d).
-4
Let a(d) be the third derivative of -7/6*d**3 + 0 + 1/60*d**5 - 156*d**2 - 1/24*d**4 + 0*d. Give a(6).
23
Let c(w) be the first derivative of 114 + 1/2*w**2 + 8*w. What is c(-7)?
1
Let j(a) be the third derivative of a**4/6 - 5*a**3/2 - 1152*a**2. Calculate j(6).
9
Let d(r) = r**2 + 2*r + 2. Let u be 2632/24 + 2/6. Let g = 108 - u. Let b be -2*g/4*-2. What is d(b)?
2
Let z = 8 + -13. Let b = 230 + -228. Let n(g) = 10*g**2 - 7*g - g**b - 4 - 25*g**2 + 15*g**2. Give n(z).
6
Let i(u) = -u**2 + 6*u + 26. Let w be i(9). Let d(r) = -3*r**3 + r**2 + 3. Let b(a) = -a + 1. Let t(h) = w*d(h) + 2*b(h). Calculate t(-1).
-3
Suppose 0 = y - 56 + 54. Suppose -2*i + 5*q = -i - 3, y*i - 5*q - 26 = 0. Suppose -3*c = -4 - i. Let p(a) = -a + 1. Calculate p(c).
-8
Let r(d) = -28*d**3 + d**2 + d - 1. Let v = -138 + 142. Suppose -v*o - 6 = 2*s, -6 = 6*s - 2*s + 5*o. What is r(s)?
-27
Let p(k) = -k**3 - 8*k**2 - 7*k + 9. Suppose o - 5*r = 23 + 7, 0 = -5*r - 25. Suppose 3*w + 357 = -4*i - 0*w, -o*w + 118 = -i. Let z = i - -86. Give p(z).
9
Suppose -l = m + 3, -5*l = -6*l + m + 1. Let x(o) be the third derivative of -5*o**4/8 + 41*o**2. Give x(l).
15
Let y be (54/(-10))/(35/50 - (-1)/(-1)). Let z(d) = -d**3 + 20*d**2 - 37*d + 23. What is z(y)?
5
Let s be (212/(-265))/(1/(-5)). Suppose 4*c - 2*c = -s*i + 2, -i - 2 = c. Let l(m) = m**3 - 2*m**2 - 2*m + 1. What is l(i)?
4
Let v(u) be the first derivative of 13/2*u**2 + 12*u - 1/3*u**3 - 149. Calculate v(13).
12
Suppose 4*v + 4 = -0. Let j(d) be the second derivative of d**3/3 + 42*d. Let c(y) = -6*y - 5. Let u(p) = v*c(p) - 2*j(p). Determine u(-4).
-3
Let w(c) = -6*c - 29. Let l(d) = -2*d + 8. Let y(b) = 2*l(b) + w(b). What is y(4)?
-53
Let z = 5295 + -5291. Let o(y) = -y**3 + 4*y**2 + 5*y + 1. Determine o(z).
21
Let p be (0 - 6)*(5 + (-11)/2). Let s(j) = j**2 + 3 + 7*j**3 - p - 5*j**3 - 1 + j. Calculate s(1).
3
Let a(d) = -d**2 + 7*d - 2. Let f(g) = 5*g**3 - 5*g + 6 + 2*g**3 + 2*g**2 - 5*g**3. Let u be f(3). Let c be 2/(-7) + (-3)/(u/(-132)). Calculate a(c).
4
Let a(p) = p**2 - 6*p - 11. Let s(h) = -5*h**2 - 63*h + 32. Let t(i) = -i**2 + 7*i + 31. Let x be t(-4). Let q be s(x). Calculate a(q).
-11
Let j be (-18 + 17)/((-1)/(-4)) + 6. Let y(p) = 31*p**2 - 2*p - 11 + 12 - 27*p**j. Calculate y(1).
3
Suppose -18 = -8*i - 58. Let o(w) be the third derivative of -w**4/24 - 28*w**2. What is o(i)?
5
Let a(r) = -7*r**2 + 3*r + 2. Let h = 285 + -280. Suppose 0 = 4*g - l + 4, 5*g + h = l - 0. Give a(g).
-8
Let o(s) = 2*s**3 + 6*s**2 + 157*s - 5. Let d(c) = -3*c**3 - 3*c**2 - 158*c + 2. Let h(p) = -3*d(p) - 4*o(p). What is h(22)?
14
Let n(z) = -z**3 + 3*z**2 + 7*z - 2. Let h = 523 + -281. Let f = h - 237. What is n(f)?
-17
Let t(c) be the second derivative of -5*c**3/6 + 19*c**2 + 5628*c. What is t(8)?
-2
Let v(p) = 12*p - 4. Let c(j) = j**3 - 16*j**2 - 17*j. Let u be c(17). Let k be v(u). Let m(b) = b**2 + 2*b. Give m(k).
8
Let p(o) be the second derivative of 7*o**4/12 - o**3/3 + 2*o**2 - 3*o + 964. Calculate p(2).
28
Let r(g) be the second derivative of -g**4/6 - 11*g**3/3 - 31*g**2/2 - 299*g - 5. Determine r(-10).
-11
Suppose -2*n - 5*v + 774 = 0, -4*n + 8*v = 4*v - 1492. Let r(o) = -192*o + 14 - 184*o + n*o. Calculate r(-9).
5
Let r(h) be the 